 divisor of 112371 and 2310.
21
What is the greatest common divisor of 3484149 and 19275?
771
Calculate the highest common factor of 190 and 16698549.
19
Calculate the greatest common divisor of 533754518 and 939.
313
What is the highest common factor of 29953728 and 265328?
2576
What is the greatest common divisor of 1208 and 4526678?
302
Calculate the greatest common factor of 10700 and 1494362.
214
Calculate the highest common factor of 164728 and 5723.
59
What is the highest common divisor of 4538897 and 55?
11
Calculate the highest common factor of 164303610 and 60.
30
What is the highest common divisor of 1010 and 4305428?
202
What is the greatest common factor of 18268770 and 3510?
390
What is the highest common factor of 327594006 and 2034?
2034
What is the greatest common divisor of 72011154 and 430?
86
What is the greatest common divisor of 190993 and 87352?
179
What is the highest common divisor of 52403330 and 665?
665
What is the greatest common divisor of 492 and 15335968?
164
Calculate the highest common factor of 14339 and 119093.
13
What is the greatest common divisor of 100975208 and 56?
8
What is the highest common factor of 29480 and 15000?
40
Calculate the highest common divisor of 4170480 and 4.
4
What is the highest common divisor of 41584 and 1943408?
368
Calculate the greatest common divisor of 547798439 and 919.
919
What is the highest common factor of 16558607 and 26?
13
What is the greatest common divisor of 39668810 and 4205?
145
Calculate the greatest common divisor of 16 and 446321.
1
What is the greatest common divisor of 988713 and 204930?
297
What is the highest common factor of 23120 and 4902800?
1360
What is the greatest common divisor of 100 and 240933925?
25
What is the greatest common divisor of 2040 and 10524292?
68
Calculate the highest common divisor of 14488476 and 1403.
61
What is the greatest common factor of 2005 and 16795885?
2005
Calculate the highest common divisor of 21710 and 343291.
13
Calculate the greatest common factor of 782 and 326738.
46
What is the highest common divisor of 1120 and 610085?
35
What is the highest common factor of 4858 and 6678?
14
Calculate the highest common factor of 6726 and 388392.
6
What is the highest common divisor of 376 and 2018344?
8
What is the greatest common factor of 125686 and 177683?
319
Calculate the highest common divisor of 22794 and 15982.
262
Calculate the greatest common divisor of 4947 and 230508763.
1649
What is the highest common divisor of 125 and 213175?
25
Calculate the highest common factor of 89921474 and 2084.
1042
What is the highest common factor of 8846425 and 25?
25
What is the highest common divisor of 35390 and 40192423?
3539
Calculate the greatest common divisor of 48519 and 23795874.
5391
Calculate the highest common divisor of 235502150 and 114.
38
Calculate the highest common factor of 27684 and 13344.
12
What is the greatest common factor of 6 and 6862395?
3
What is the greatest common factor of 10384022 and 39776?
2486
Calculate the highest common factor of 24 and 207146172.
12
What is the greatest common divisor of 440 and 12481?
1
Calculate the greatest common factor of 4963 and 407675.
709
What is the greatest common factor of 2349568 and 9360?
208
Calculate the highest common factor of 261790 and 507835.
235
Calculate the greatest common divisor of 10469992 and 728.
104
What is the greatest common divisor of 3053046 and 396?
6
Calculate the greatest common factor of 4669 and 281967.
203
Calculate the highest common factor of 3 and 2165572.
1
Calculate the highest common factor of 2450531154 and 5354.
5354
What is the greatest common divisor of 289 and 325397?
17
What is the highest common divisor of 1161 and 200153175?
129
Calculate the greatest common divisor of 1340469396 and 18.
18
Calculate the highest common factor of 42227768 and 77.
11
What is the highest common divisor of 5623 and 12167?
1
What is the highest common factor of 999506219 and 2909?
2909
What is the greatest common factor of 14 and 1719613?
7
Calculate the highest common divisor of 1262189 and 33725.
19
What is the greatest common factor of 16012806 and 282?
282
What is the greatest common divisor of 1632679928 and 4?
4
What is the highest common factor of 5 and 23955?
5
Calculate the greatest common factor of 48 and 171695676.
12
What is the greatest common divisor of 149534 and 60060?
154
What is the greatest common factor of 898797 and 26883?
87
What is the greatest common factor of 87 and 1575097851?
87
What is the greatest common factor of 1572858 and 569619?
1971
Calculate the greatest common divisor of 4814214 and 226626.
2118
Calculate the highest common factor of 244645 and 15142.
113
Calculate the greatest common factor of 110688 and 27936.
96
What is the greatest common factor of 30 and 4928442?
6
What is the highest common divisor of 1780 and 22490122?
178
Calculate the greatest common factor of 274754 and 44778.
34
Calculate the highest common divisor of 18964304 and 96.
16
Calculate the highest common factor of 6871598 and 2.
2
What is the highest common factor of 5568 and 6460736?
1856
What is the highest common divisor of 3 and 49018419?
3
Calculate the greatest common factor of 18588 and 3522.
6
What is the highest common factor of 71319936 and 32?
32
What is the greatest common factor of 266805 and 81873?
99
What is the highest common divisor of 48709 and 197017?
727
Calculate the highest common divisor of 234436383 and 45.
9
What is the highest common divisor of 5353458 and 1218?
174
What is the highest common divisor of 8 and 2872232?
8
What is the highest common divisor of 48091850 and 175?
25
Calculate the highest common divisor of 4680 and 61174620.
2340
Calculate the greatest common factor of 1545 and 2937720.
15
Calculate the highest common factor of 31667619 and 95703.
5037
Calculate the highest common factor of 148642 and 10270.
26
Calculate the greatest common factor of 157 and 46899197.
157
What is the highest common divisor of 153808889 and 169?
13
Calculate the highest common factor of 17024 and 1557962.
266
What is the greatest common factor of 1465 and 3718857085?
1465
Calculate the highest common factor of 263655 and 861.
21
Calculate the greatest common factor of 245216 and 4926048.
3104
What is the greatest common factor of 557865 and 1541?
23
What is the greatest common divisor of 47 and 472913?
1
Calculate the highest common factor of 44350 and 11.
1
Calculate the greatest common factor of 92069 and 14904.
23
Calculate the highest common factor of 43928 and 89879.
289
Calculate the greatest common factor of 3672 and 155136492.
1836
What is the greatest common factor of 2091029 and 1261?
97
What is the greatest common factor of 26870 and 440?
10
What is the greatest common factor of 34560 and 1746240?
960
Calculate the greatest common divisor of 2250 and 784152.
18
What is the greatest common factor of 1170801 and 7725?
309
Calculate the greatest common divisor of 49329 and 6773193.
189
What is the greatest common factor of 6334587 and 189?
63
What is the highest common factor of 1229664 and 120?
24
What is the greatest common factor of 2616 and 7780638?
654
Calculate the highest common factor of 2905 and 2066285.
415
Calculate the greatest common factor of 21865 and 15799649.
4373
What is the greatest common divisor of 169148 and 118384?
196
Calculate the highest common factor of 98576 and 10596432.
976
What is the highest common factor of 52532 and 155716268?
2284
Calculate the greatest common divisor of 23 and 742540510.
23
What is the greatest common divisor of 86875 and 20016?
139
Calculate the greatest common factor of 156 and 195656994.
78
What is the highest common factor of 744 and 1770360?
24
What is the highest common divisor of 558133 and 246?
41
What is the highest common divisor of 487316 and 70180?
116
What is the highest common factor of 82208 and 6326208?
224
What is the highest common divisor of 5805098 and 338?
26
What is the greatest common divisor of 21 and 26122782?
21
Calculate the greatest common factor of 129248 and 36960.
224
Calculate the greatest common factor of 6136 and 159997734.
1534
What is the greatest common factor of 6524243 and 4726?
2363
Calculate the highest common divisor